{"id":2568,"date":"2018-06-01T14:19:26","date_gmt":"2018-06-01T12:19:26","guid":{"rendered":"https:\/\/www.depre.de\/?page_id=2568"},"modified":"2023-11-06T14:47:57","modified_gmt":"2023-11-06T13:47:57","slug":"martin-abegg-2","status":"publish","type":"page","link":"https:\/\/www.depre.de\/en\/martin-abegg-2\/","title":{"rendered":"(Deutsch) Martin Abegg"},"content":{"rendered":"<div id=\"pl-2568\"  class=\"panel-layout\" ><div id=\"pg-2568-0\"  class=\"panel-grid panel-has-style\" ><div class=\"topline panel-row-style panel-row-style-for-2568-0\" ><div id=\"pgc-2568-0-0\"  class=\"panel-grid-cell\" ><div id=\"panel-2568-0-0-0\" class=\"so-panel widget widget_sow-image panel-first-child panel-last-child\" data-index=\"0\" ><div\n\t\t\t\n\t\t\tclass=\"so-widget-sow-image so-widget-sow-image-default-8b5b6f678277-2568\"\n\t\t\t\n\t\t>\n<div class=\"sow-image-container\">\n\t\t<img \n\tsrc=\"https:\/\/www.depre.de\/wp-content\/uploads\/2018\/06\/Abegg_D3C_1830-768x1024.jpg\" width=\"768\" height=\"1024\" srcset=\"https:\/\/www.depre.de\/wp-content\/uploads\/2018\/06\/Abegg_D3C_1830.jpg 768w, https:\/\/www.depre.de\/wp-content\/uploads\/2018\/06\/Abegg_D3C_1830-225x300.jpg 225w\" sizes=\"(max-width: 768px) 85vw, 768px\" alt=\"\" \t\tclass=\"so-widget-image\"\/>\n\t<\/div>\n\n<\/div><\/div><\/div><div id=\"pgc-2568-0-1\"  class=\"panel-grid-cell\" ><div id=\"panel-2568-0-1-0\" class=\"so-panel widget widget_sow-editor panel-first-child panel-last-child\" data-index=\"1\" ><div\n\t\t\t\n\t\t\tclass=\"so-widget-sow-editor so-widget-sow-editor-base\"\n\t\t\t\n\t\t>\n<div class=\"siteorigin-widget-tinymce textwidget\">\n\t<h4>Martin Abegg<\/h4>\n<p>Certified Specialist Attorney for insolvency law<br \/>\nCertified Specialist Attorney for labor law<br \/>\nE-Mail: <a href=\"&#x6d;&#x61;&#x69;&#108;&#116;o:&#x6d;&#x61;&#x72;&#116;&#105;n&#46;&#x61;&#x62;&#x65;&#103;&#103;&#64;d&#x65;&#x70;&#x72;&#101;&#46;de\">&#109;&#x61;&#114;&#x74;&#105;&#x6e;&#46;&#x61;b&#101;&#x67;&#103;&#x40;&#100;&#x65;p&#x72;e&#46;&#x64;&#101;<\/a><\/p>\n<\/div>\n<\/div><\/div><\/div><\/div><\/div><div id=\"pg-2568-1\"  class=\"panel-grid panel-no-style\" ><div id=\"pgc-2568-1-0\"  class=\"panel-grid-cell\" ><div id=\"panel-2568-1-0-0\" class=\"so-panel widget widget_sow-editor panel-first-child panel-last-child\" data-index=\"2\" ><div\n\t\t\t\n\t\t\tclass=\"so-widget-sow-editor so-widget-sow-editor-base\"\n\t\t\t\n\t\t>\n<div class=\"siteorigin-widget-tinymce textwidget\">\n\t<\/p>\n<h2>Martin Abegg \u2014 Profile<\/h2>\n<ul>\n<li>Zulassung seit 1993<\/li>\n<li>Studium der Rechtswissenschaften in Saarbr\u00fccken und Bonn<\/li>\n<li>Sechsj\u00e4hrige T\u00e4tigkeit in einer wirtschaftsrechtlich ausgerichteten Kanzlei in Flensburg<\/li>\n<li>Seit Mitte 2001 ist Rechtsanwalt Martin Abegg im Bezirk des Landgerichts Saarbr\u00fccken zugelassen<\/li>\n<li>Er wird vom Amtsgericht Saarbr\u00fccken und vom Amtsgericht Zweibr\u00fccken als Insolvenzverwalter bestellt<\/li>\n<li>Neben dem Insolvenzrecht betreut er Mandate in Fragen des Arbeits- und des privaten Baurechts<\/li>\n<li>Mitglied in den Arbeitsgemeinschaften f\u00fcr Insolvenz- und Sanierungsrecht sowie der Arbeitsgemeinschaft Arbeitsrecht im Deutschen Anwaltverein<\/li>\n<li>Seit Sommer 2010 ist Rechtsanwalt Martin Abegg Mitglied im Vorstand der Rechtsanwaltskammer des Saarlandes<\/li>\n<\/ul>\n<\/div>\n<\/div><\/div><\/div><\/div><\/div>","protected":false},"excerpt":{"rendered":"<p>Martin Abegg Certified Specialist Attorney for insolvency law Certified Specialist Attorney for labor law E-Mail: &#109;&#x61;&#114;&#x74;i&#110;&#x2e;&#97;&#x62;e&#x67;g&#64;&#x64;&#101;&#x70;r&#x65;&#x2e;&#100;&#x65; Martin Abegg \u2014 Profile Zulassung seit 1993 Studium der Rechtswissenschaften in Saarbr\u00fccken und Bonn Sechsj\u00e4hrige T\u00e4tigkeit in einer wirtschaftsrechtlich ausgerichteten Kanzlei in Flensburg Seit Mitte 2001 ist Rechtsanwalt Martin Abegg im Bezirk des Landgerichts Saarbr\u00fccken zugelassen Er wird vom &hellip; <a href=\"https:\/\/www.depre.de\/en\/martin-abegg-2\/\" class=\"more-link\">Continue reading<span class=\"screen-reader-text\"> &#8220;(Deutsch) Martin Abegg&#8221;<\/span><\/a><\/p>\n","protected":false},"author":3,"featured_media":0,"parent":0,"menu_order":0,"comment_status":"closed","ping_status":"closed","template":"","meta":{"footnotes":""},"class_list":["post-2568","page","type-page","status-publish","hentry"],"aioseo_notices":[],"publishpress_future_action":{"enabled":false,"date":"2026-05-09 11:33:35","action":"change-status","newStatus":"draft","terms":[],"taxonomy":"","extraData":[]},"publishpress_future_workflow_manual_trigger":{"enabledWorkflows":[]},"_links":{"self":[{"href":"https:\/\/www.depre.de\/en\/wp-json\/wp\/v2\/pages\/2568","targetHints":{"allow":["GET"]}}],"collection":[{"href":"https:\/\/www.depre.de\/en\/wp-json\/wp\/v2\/pages"}],"about":[{"href":"https:\/\/www.depre.de\/en\/wp-json\/wp\/v2\/types\/page"}],"author":[{"embeddable":true,"href":"https:\/\/www.depre.de\/en\/wp-json\/wp\/v2\/users\/3"}],"replies":[{"embeddable":true,"href":"https:\/\/www.depre.de\/en\/wp-json\/wp\/v2\/comments?post=2568"}],"version-history":[{"count":15,"href":"https:\/\/www.depre.de\/en\/wp-json\/wp\/v2\/pages\/2568\/revisions"}],"predecessor-version":[{"id":4086,"href":"https:\/\/www.depre.de\/en\/wp-json\/wp\/v2\/pages\/2568\/revisions\/4086"}],"wp:attachment":[{"href":"https:\/\/www.depre.de\/en\/wp-json\/wp\/v2\/media?parent=2568"}],"curies":[{"name":"wp","href":"https:\/\/api.w.org\/{rel}","templated":true}]}}

<div id="pl-2568"  class="panel-layout" ><div id="pg-2568-0"  class="panel-grid panel-has-style" ><div class="topline panel-row-style panel-row-style-for-2568-0" ><div id="pgc-2568-0-0"  class="panel-grid-cell" ><div id="panel-2568-0-0-0" class="so-panel widget widget_sow-image panel-first-child panel-last-child" data-index="0" ><div
			
			class="so-widget-sow-image so-widget-sow-image-default-8b5b6f678277-2568"
			
		>
<div class="sow-image-container">
		<img 
	src="https://www.depre.de/wp-content/uploads/2018/06/Abegg_D3C_1830-768x1024.jpg" width="768" height="1024" srcset="https://www.depre.de/wp-content/uploads/2018/06/Abegg_D3C_1830.jpg 768w, https://www.depre.de/wp-content/uploads/2018/06/Abegg_D3C_1830-225x300.jpg 225w" sizes="(max-width: 768px) 85vw, 768px" alt="" 		class="so-widget-image"/>
	</div>

</div></div></div><div id="pgc-2568-0-1"  class="panel-grid-cell" ><div id="panel-2568-0-1-0" class="so-panel widget widget_sow-editor panel-first-child panel-last-child" data-index="1" ><div
			
			class="so-widget-sow-editor so-widget-sow-editor-base"
			
		>
<div class="siteorigin-widget-tinymce textwidget">
	<h4>Martin Abegg</h4>
<p>Certified Specialist Attorney for insolvency law<br />
Certified Specialist Attorney for labor law<br />
E-Mail: <a href="&#x6d;&#x61;&#x69;&#108;&#116;o:&#x6d;&#x61;&#x72;&#116;&#105;n&#46;&#x61;&#x62;&#x65;&#103;&#103;&#64;d&#x65;&#x70;&#x72;&#101;&#46;de">&#109;&#x61;&#114;&#x74;&#105;&#x6e;&#46;&#x61;b&#101;&#x67;&#103;&#x40;&#100;&#x65;p&#x72;e&#46;&#x64;&#101;</a></p>
</div>
</div></div></div></div></div><div id="pg-2568-1"  class="panel-grid panel-no-style" ><div id="pgc-2568-1-0"  class="panel-grid-cell" ><div id="panel-2568-1-0-0" class="so-panel widget widget_sow-editor panel-first-child panel-last-child" data-index="2" ><div
			
			class="so-widget-sow-editor so-widget-sow-editor-base"
			
		>
<div class="siteorigin-widget-tinymce textwidget">
	</p>
<h2>Martin Abegg — Profile</h2>
<ul>
<li>Zulassung seit 1993</li>
<li>Studium der Rechtswissenschaften in Saarbrücken und Bonn</li>
<li>Sechsjährige Tätigkeit in einer wirtschaftsrechtlich ausgerichteten Kanzlei in Flensburg</li>
<li>Seit Mitte 2001 ist Rechtsanwalt Martin Abegg im Bezirk des Landgerichts Saarbrücken zugelassen</li>
<li>Er wird vom Amtsgericht Saarbrücken und vom Amtsgericht Zweibrücken als Insolvenzverwalter bestellt</li>
<li>Neben dem Insolvenzrecht betreut er Mandate in Fragen des Arbeits- und des privaten Baurechts</li>
<li>Mitglied in den Arbeitsgemeinschaften für Insolvenz- und Sanierungsrecht sowie der Arbeitsgemeinschaft Arbeitsrecht im Deutschen Anwaltverein</li>
<li>Seit Sommer 2010 ist Rechtsanwalt Martin Abegg Mitglied im Vorstand der Rechtsanwaltskammer des Saarlandes</li>
</ul>
</div>
</div></div></div></div></div>

<p>Martin Abegg Certified Specialist Attorney for insolvency law Certified Specialist Attorney for labor law E-Mail: &#109;&#x61;&#114;&#x74;i&#110;&#x2e;&#97;&#x62;e&#x67;g&#64;&#x64;&#101;&#x70;r&#x65;&#x2e;&#100;&#x65; Martin Abegg — Profile Zulassung seit 1993 Studium der Rechtswissenschaften in Saarbrücken und Bonn Sechsjährige Tätigkeit in einer wirtschaftsrechtlich ausgerichteten Kanzlei in Flensburg Seit Mitte 2001 ist Rechtsanwalt Martin Abegg im Bezirk des Landgerichts Saarbrücken zugelassen Er wird vom &hellip; <a href="https://www.depre.de/en/martin-abegg-2/" class="more-link">Continue reading<span class="screen-reader-text"> &#8220;(Deutsch) Martin Abegg&#8221;</span></a></p>
